*p + 4 = -3*w, 0 = -2*w - 4*p + 4. Suppose w = 2*y - 5*c - 97, -c + 227 = -0*y + 4*y. What is the highest common divisor of 14 and y?
14
Suppose -2*w - 20 = 5*i + 3*w, 0 = 5*i + 3*w + 20. Let r be i - (0 - (-1 + 1)). Let y be 40/3*(-66)/r. What is the highest common divisor of y and 20?
20
Let d be (-3)/((-15)/4 + 9/3). What is the highest common factor of d and 44?
4
Suppose 0 = -3*r + 4*a + 181, 0 = a + 1 - 0. Let s be -1 + 0 - (3 - r). What is the greatest common factor of 11 and s?
11
Suppose -83 + 398 = 7*w. Calculate the greatest common factor of 15 and w.
15
Suppose 2*n - 149 = 3*a, 306 = 4*n - a + 3*a. Calculate the greatest common factor of 190 and n.
38
Suppose 7*s = 94 + 88. What is the highest common divisor of s and 104?
26
Let p(g) = 2*g - 6. Let b be p(5). Calculate the greatest common factor of b and 20.
4
Let v be 9 + -2 - (3 + -1). Let w = v + -3. What is the greatest common factor of 4 and w?
2
Let i be 20/(-6)*1008/(-35). What is the greatest common divisor of 12 and i?
12
Let u be (-6 + 3)/15 + 483/15. What is the highest common factor of 32 and u?
32
Suppose 5*n - 42 = 8. Let c = 16 - 1. Suppose 5*y = a - 35, 2*a = -5*y - 5 + c. What is the highest common factor of n and a?
5
Let d(f) = -f**2 + 10*f + 4. Let x be d(5). Calculate the greatest common factor of x and 29.
29
Suppose -14 - 14 = -2*t. Suppose -p + t = -0*p. Let w(r) = r**3 + 10*r**2 - 13*r - 1. Let i be w(-11). What is the highest common factor of i and p?
7
Suppose -2*y + 82 + 98 = 0. Suppose y = i + i. Suppose 3*g = -0*g + 27. Calculate the highest common factor of g and i.
9
Let g(m) = -1 - 6 + 3*m - 2*m**2 + 1 + 3*m**2. Let z = -9 - -4. Let p be g(z). Calculate the greatest common factor of 28 and p.
4
Let t = 14 - -31. Let y = -3 - -5. Let w be (6/(-10))/(y/(-30)). Calculate the greatest common factor of w and t.
9
Let p = 40 - -125. What is the highest common factor of p and 33?
33
Let c(o) = o**3 + 7*o**2 + 6*o - 6. Let v be c(-5). Suppose -4*k + 7 = -21. Calculate the greatest common factor of k and v.
7
Suppose 2*k + 3*w = -12 - 12, 5*k + 4*w + 67 = 0. Let t = k - -160. Suppose -3*x + 15 = o, -4*x + t = 4*o + 45. What is the highest common divisor of 20 and o?
10
Let o be ((-18)/(-4) - 2)/(3/6). What is the highest common divisor of 5 and o?
5
Let f(j) = j**2 + j + 2. Let k be f(2). Let u = -4 + k. Let s = 24 + -23. What is the greatest common divisor of u and s?
1
Let i = 26 + 9. What is the greatest common divisor of 280 and i?
35
Let o = 101 - 88. What is the greatest common divisor of o and 182?
13
Suppose 5*j = 11*d - 14*d - 7, -13 = -3*d - j. Calculate the greatest common divisor of d and 60.
6
Let v(n) = 2*n**2 + 3*n + 1. Let w be v(5). What is the greatest common factor of w and 165?
33
Suppose 148 = z + h, -137 - 309 = -3*z - 2*h. What is the highest common divisor of 6 and z?
6
Suppose 4*s = 6 + 26. Calculate the highest common divisor of 64 and s.
8
Suppose 603 = -2*t + 115. Let z be 4/(-6) + t/(-6). Let r(c) = c**2 - 14*c - 35. Let x be r(17). Calculate the highest common factor of x and z.
8
Let g(x) = 3*x**3 - x**2 + 3*x + 1. Let i be g(4). Calculate the highest common factor of i and 21.
21
Suppose -3*z + 5*p + 4 = z, -3*p = -z + 1. What is the highest common divisor of z and 1?
1
Suppose 0*v = -v + 3*f - 15, -3 = -2*v - 5*f. Let r(y) = -y**2 - 3*y + 7. Let u be r(-5). Let b = u - v. Calculate the highest common factor of b and 9.
3
Suppose 26 = -4*v + 3*v. Let j = -16 - v. Calculate the greatest common divisor of 1 and j.
1
Let v(h) = -5*h - 24. Let z be v(-6). Let c be -15*4/(-6) - 1. Calculate the highest common factor of z and c.
3
Suppose -4*w = 5*v - 248 - 51, 3*w = -5*v + 303. Suppose 4*r + 5*k - 84 = 0, 3*r + 3*k - 7*k = v. Calculate the greatest common factor of r and 84.
21
Let l(h) = -h**2 + 4*h + 7. Let b be l(6). Let s = 13 - b. What is the greatest common factor of s and 3?
3
Let g = 4 + 6. Calculate the greatest common factor of g and 60.
10
Let c be (-168)/(-10)*(-30)/(-4). Let w(x) = -2*x + 1. Let y be w(-2). Suppose -y*a + 35 = -55. What is the highest common factor of c and a?
18
Suppose 12 = -2*s + 36. Calculate the highest common factor of 3 and s.
3
Suppose 0 = -3*g + 108 + 48. Let p = g + -37. Suppose d = 2*f - 205, 3*f + 0*d = -d + 320. What is the highest common divisor of f and p?
15
Suppose 5*h = 4*d - 3*d - 58, -5*d = 2*h - 155. Suppose 0*q - d = -q. What is the highest common factor of 11 and q?
11
Let i be (9 - 2)/((-1)/1). Let u = 13 + i. Let z = 40 + -31. What is the greatest common divisor of z and u?
3
Let p = 9 - -10. What is the highest common factor of 152 and p?
19
Let n be (-549)/(-15) + (-2)/(-5). What is the greatest common factor of 111 and n?
37
Suppose 5*c - 352 = -97. Calculate the greatest common factor of 102 and c.
51
Let d(a) = -5*a + 5. Let i be d(-7). Let y = -20 + i. Let k be ((-4)/(-2))/1 + y. What is the greatest common factor of 33 and k?
11
Let c(q) = -2*q**3 - 11*q**2 + 15*q + 5. Let s be c(-9). What is the highest common factor of s and 23?
23
Let l(v) = 2*v**2 + 9*v + 10. Let d be l(-8). Calculate the greatest common divisor of d and 44.
22
Let q = -5 - -9. Suppose -5*y = -q - 6. What is the greatest common divisor of y and 16?
2
Let f = -281 + 506. Calculate the greatest common factor of f and 45.
45
Let z(b) = -3*b + 1. Let t be z(-3). Let n = t + 3. What is the highest common divisor of n and 26?
13
Suppose -p - 19 = 2*p + 5*a, -p - 9 = 3*a. Let m = p - -8. What is the greatest common factor of 2 and m?
1
Let v be (-458)/(-8) + 2 + (-27)/12. Let g be (-1 + 2)*(-1 + 20). What is the greatest common divisor of g and v?
19
Suppose -5*i - 3 + 112 = 2*r, -5*r + 215 = i. Let v = -23 - -30. What is the greatest common divisor of v and r?
7
Let p = -13 + 13. Suppose -2*b + 14 = 4*m, p*m - 2*m = -2*b + 38. What is the greatest common divisor of b and 15?
15
Suppose 2 - 86 = -l - 4*w, 0 = -2*l + 3*w + 157. Calculate the greatest common factor of 16 and l.
16
Suppose -2*x + 4*l = 32, -7*x = -2*x - 4*l + 104. Let i be (x/(-10))/((-39)/(-520)). What is the highest common divisor of i and 32?
32
Let i(f) be the second derivative of f**4/12 + f**3/3 + f**2 - f. Let b be i(-3). What is the greatest common divisor of 5 and b?
5
Let d(j) = j**3 - 5*j**2 - 5*j + 4. Let b be d(6). Let p(x) = x + 8. Suppose -5 = -5*a - 35. Let k be p(a). Calculate the greatest common factor of b and k.
2
Let z(q) = -q - 10. Let v be z(-8). Let a = v - -3. Suppose 3*p + a - 19 = 0. Calculate the highest common divisor of p and 30.
6
Let r = -1 + 1. Suppose 2*v + o + 105 = 0, r*v + 158 = -3*v - o. Let k = v - -196. Calculate the greatest common divisor of 13 and k.
13
Suppose 54 = 3*c - 6*c. Let i = 21 + c. What is the greatest common factor of i and 27?
3
Let w = -1 + 53. Let v(h) = h**2 - 5*h + 5. Let z be v(5). Suppose 3 = -5*b + f + 64, -4*b + 32 = -z*f. Calculate the highest common divisor of w and b.
13
Let g(x) = -41*x**3 + 1. Let p be g(-1). Suppose -3*b + p = -0*b. What is the greatest common divisor of b and 7?
7
Suppose 3*z + 4*w - 20 = 0, 0 = 4*z - 0*z + 5*w - 25. Suppose -4*d + 5*d - 240 = 0. Suppose z*a = -4*a + d. Calculate the greatest common factor of a and 40.
20
Let z be 35/10 - (-2)/(-4). Suppose z*w = 14 + 10. Suppose -5*g + 27 = 2*c + 7, -2*c = -3*g - 4. Calculate the greatest common factor of g and w.
2
Suppose 0 = -4*a - 4*z + 116 + 20, -5*z = -a + 46. What is the highest common divisor of a and 24?
12
Let w be 34/119 - (-2138)/14. What is the highest common divisor of 9 and w?
9
Suppose -f - 4*l = 14, 1 + 9 = 3*f - l. Suppose 0 = -5*u + f*u + 2*d + 66, 3*d + 39 = 2*u. Calculate the greatest common factor of u and 120.
24
Let w(b) = b**2 - 2*b - 2. Suppose 20 = -y - 3*y. Let k be w(y). Calculate the greatest common divisor of 22 and k.
11
Let s = -145 - -317. Let y = -108 + s. Suppose 1 = -h + 9. Calculate the highest common divisor of y and h.
8
Suppose -5*d = 4*w - 112, -w = -1 - 2. Let b = -11 + d. Calculate the greatest common factor of 6 and b.
3
Let c be 8/2 - (0 + -1). Suppose -c*a + 0*i - 2*i + 963 = 0, 0 = -3*a - 5*i + 574. Suppose 5*x - a = 207. Calculate the greatest common divisor of x and 16.
16
Suppose -3*x + 230 + 133 = 0. Let u = 14 - 12. Suppose u*f - x = f. Calculate th